{"id":145,"date":"2017-04-25T09:02:08","date_gmt":"2017-04-25T07:02:08","guid":{"rendered":"http:\/\/gsgiesen.g-werbe.net\/v2\/?page_id=145"},"modified":"2022-10-18T09:44:44","modified_gmt":"2022-10-18T07:44:44","slug":"eltern-abc","status":"publish","type":"page","link":"https:\/\/gsgiesen.g-werbe.net\/index.php\/eltern\/eltern-abc\/","title":{"rendered":"Eltern-ABC"},"content":{"rendered":"<h4>Apfelernte auf der Streuobstwiese<\/h4>\n<p>Unsere Schule erntet einmal im Jahr die \u00c4pfel und Birnen auf einer Streuobstwiese westlich von Giesen (ca. 20 Minuten Fu\u00dfweg mit den Kindern). Das Obst wird an der Giesener Mehrzweckhalle von den Mitarbeitern einer mobilen Saftpresse verarbeitet, und den Saft verkauft der F\u00f6rderverein. Im Rahmen des Sachunterrichts wird das Thema &#8222;Apfel&#8220; im 2. Schuljahr bearbeitet.<\/p>\n<h4>B\u00fccherei<\/h4>\n<p>An beiden Schulstandorten gibt es eine Sch\u00fclerb\u00fccherei. In Hasede befindet sich die Schulb\u00fccherei im &#8222;Altbau&#8220;.<br \/>\nIn Giesen befindet sich B\u00fccherei\u00a0 links neben der Eingangshalle im neuen Betreuungsraum. F\u00fcr die Kinder sind die Antolin\u2013B\u00fccher gekennzeichnet. Einige ehrenamtliche Helfer*innen organisieren die Ausleihe und pflegen die schuleigenen B\u00fccher.<br \/>\nDie Ausleihe findet jeden Donnerstag von 9.40 Uhr bis 10.15 Uhr statt.<\/p>\n<h4>Eingang<\/h4>\n<p>Die Kinder benutzen den Zugang zum Schulgeb\u00e4ude vom Schulhof. Vor Unterrichtsbeginn stellen sich die Schulkinder an ihrem Sammelplatz auf und d\u00fcrfen um 7.50 Uhr das Schulgb\u00e4ude betreten.\u00a0 Eltern und Mitarbeiter*innen k\u00f6nnen auch den vorderen Eingang benutzen.<\/p>\n<p>&nbsp;<\/p>\n<h4>Einschulung<\/h4>\n<p>Die Einschulung findet in niedersachsen traditionell am Samstag nach Ende der Sommerferien statt.<\/p>\n<p>&nbsp;<\/p>\n<p><strong>Elternsprechtag<\/strong><\/p>\n<p>Im November und im April finden die Elternsprechtage statt. F\u00fcr die vierten Klassen finden zeitgleich die Beratungen f\u00fcr die weiterf\u00fchrenden Schulen statt. Die Klassenlehrer*innen informieren \u00fcber die Termine.<\/p>\n<p>&nbsp;<\/p>\n<h4>Fahrrad und Roller<\/h4>\n<p>In der 4. Klasse wird die Fahrradpr\u00fcfung abgelegt. Erst wenn sie diese bestanden haben, d\u00fcrfen die Kinder mit dem Rad zur Schule kommen. Die Kinder der 3. und 4. Klassen k\u00f6nnen mit dem Roller zur Schule kommen, wenn sie den Rollerf\u00fchrerschein erhalten haben. Nach erfolgreicher Pr\u00fcfung erhalten sie den Rollerpass. Die Eltern m\u00fcssen ihr schriftliches Einverst\u00e4ndnis geben, wenn ihre Kinder mit dem Roller zur Schule fahren. Die Kinder d\u00fcrfen nur mit Helm fahren. Bei einem Sch\u00fcler ohne Helm wird der Roller einbehalten und muss von den Eltern abgeholt werden.<br \/>\nBitte beachten Sie, dass der Schulweg immer in Ihrem elterlichen Verantwortungsbereich liegt! Sie entscheiden, ob Ihr Kind sicher genug Roller\/Fahrrad f\u00e4hrt, um auch den Schulweg damit zu meistern.<\/p>\n<p>&nbsp;<\/p>\n<h4>Fundsachen<\/h4>\n<p>Fundsachen werden an beiden Schulstandorten im Eingangsbereich gesammelt und regelm\u00e4\u00dfig zum Wiederfinden ausgelegt.<br \/>\n\u00dcbrig gebliebene Kleidungsst\u00fccke geben wir in die Kleidersammlung.<\/p>\n<h4>F\u00f6rderverein<\/h4>\n<p>Die Mitglieder der F\u00f6rdervereine unterst\u00fctzen die Schule bei vielen Aktivit\u00e4ten ( z.B. Pflege des Schulgartens, Organisation des gesunden Fr\u00fchst\u00fccks, Schulb\u00fccherei etc.) Manche Feste oder Veranstaltungen werden komplett vom F\u00f6rderverein geplant und durchgef\u00fchrt. F\u00fcr die neuen 1. Klassen gibt es auf dem 1. Elternabend eine Information \u00fcber die Arbeit des F\u00f6rdervereins mit der Ermunterung zum Beitritt.<\/p>\n<h4>Hausschuhe<\/h4>\n<p>Die Kinder tragen im Geb\u00e4ude Hausschuhe.<\/p>\n<h4>Lesen<\/h4>\n<p>Das Lesen hat einen hohen Stellenwert und muss t\u00e4glich auch zu Hause ge\u00fcbt werden. Jedes Kind soll mindestens 10 Minuten pro Tag lesen \u00fcben. Comics, Kinderzeitschriften und Jugendb\u00fccher sind willkommene Leseangebote.<\/p>\n<h4>Lesewettbewerb<\/h4>\n<p>Im 2. Halbjahr vor Ostern findet in Zusammenarbeit mit dem F\u00f6rderverein jeweils ein Lesewettbewerb f\u00fcr die Kinder der 2. \u2013 4. Klassen statt. Nachdem die beiden Klassenbesten ermittelt wurden (m\u00f6glichst ein M\u00e4dchen \/ein Junge), wird der Wettbewerb im Jahrgang ausgetragen. Die Sieger setzen im Folgejahr einmal aus. Die Preise werden vom F\u00f6rderverein gestiftet. Die Siegerkinder werden von den Kinderg\u00e4rten zu einem Vorlesetag eingeladen.<\/p>\n<p><strong>Parken<\/strong><\/p>\n<p>Wir bitten die Eltern in der Zeit von 7.30 Uhr bis 13.30 Uhr nicht auf dem Schulhof zu parken. Die Parkpl\u00e4tze sind in dieser Zeit f\u00fcr die Mitarbeiter*innen reserviert. Unsere Schulkinder sollen angehalten werden, zu Fu\u00df zur Schule zu kommen. Die Bewegung an der frischen Luft aktiviert K\u00f6rper und Geist und macht die Kinder aufnahmef\u00e4higer f\u00fcr den Unterricht. Au\u00dferdem f\u00f6rdert der Schulweg die Eigenst\u00e4ndigkeit der Kinder.<\/p>\n<h4>Pausen<\/h4>\n<p>In den gro\u00dfen Pausen spielen die Kinder unserer Schule bei gutem Wetter auf dem Schulhof. Wenn es zur Stunde l\u00e4utet, stellen sie sich\u00a0 klassenweise auf vorbereiteten Positionen auf und betreten dann das Schulgeb\u00e4ude geordnet.<\/p>\n<h4>Schulgarten<\/h4>\n<p>In der N\u00e4he unseres Schulstandortes in Giesen befindet sich der Schulgarten, der von den Schulkindern bestellt wird. Wir s\u00e4en Samen f\u00fcr eine Blumenwiese aus oder sorgen f\u00fcr die Kartoffelernte im Sp\u00e4tsommer. Unterst\u00fctzt werden wir durch Eltern unseres F\u00f6rdervereins und durch die Mitglieder der Gartenkolonie.<\/p>\n<h4>Streitschlichter<\/h4>\n<p>Leider gibt es zur Zeit keine Streitschlichter an unserer Schule.<\/p>\n<h4>Unterrichtszeiten<\/h4>\n<p>1. Stunde : 8.00 \u2013 8.45 Uhr<br \/>\n2. Stunde : 8.50 &#8211; 9.35 Uhr (ab 9.35 Uhr Fr\u00fchst\u00fcck in der Klasse)<br \/>\nHofpause : 9.55 -10.10 Uhr<br \/>\n3. Stunde : 10.10 \u2013 10.55 Uhr<br \/>\n4. Stunde :11.00 \u2013 11.45 Uhr<br \/>\n2. Hofpause : 11.45 -12.00 Uhr<br \/>\n5. Stunde : 12.00 \u2013 12.45 Uhr<br \/>\n6. Stunde : 12.45 \u2013 13.30 Uhr<\/p>\n<p>&nbsp;<\/p>\n<p>&nbsp;<\/p>\n","protected":false},"excerpt":{"rendered":"<p>Apfelernte auf der Streuobstwiese Unsere Schule erntet einmal im Jahr die \u00c4pfel und Birnen auf einer Streuobstwiese westlich von Giesen (ca. 20 Minuten Fu\u00dfweg mit den Kindern). Das Obst wird an der Giesener Mehrzweckhalle von den Mitarbeitern einer mobilen Saftpresse verarbeitet, und den Saft verkauft der F\u00f6rderverein. Im Rahmen des Sachunterrichts wird das Thema &#8222;Apfel&#8220; [&hellip;]<\/p>\n","protected":false},"author":1,"featured_media":0,"parent":60,"menu_order":0,"comment_status":"closed","ping_status":"closed","template":"","meta":{"footnotes":""},"class_list":["post-145","page","type-page","status-publish","hentry"],"_links":{"self":[{"href":"https:\/\/gsgiesen.g-werbe.net\/index.php\/wp-json\/wp\/v2\/pages\/145","targetHints":{"allow":["GET"]}}],"collection":[{"href":"https:\/\/gsgiesen.g-werbe.net\/index.php\/wp-json\/wp\/v2\/pages"}],"about":[{"href":"https:\/\/gsgiesen.g-werbe.net\/index.php\/wp-json\/wp\/v2\/types\/page"}],"author":[{"embeddable":true,"href":"https:\/\/gsgiesen.g-werbe.net\/index.php\/wp-json\/wp\/v2\/users\/1"}],"replies":[{"embeddable":true,"href":"https:\/\/gsgiesen.g-werbe.net\/index.php\/wp-json\/wp\/v2\/comments?post=145"}],"version-history":[{"count":14,"href":"https:\/\/gsgiesen.g-werbe.net\/index.php\/wp-json\/wp\/v2\/pages\/145\/revisions"}],"predecessor-version":[{"id":4150,"href":"https:\/\/gsgiesen.g-werbe.net\/index.php\/wp-json\/wp\/v2\/pages\/145\/revisions\/4150"}],"up":[{"embeddable":true,"href":"https:\/\/gsgiesen.g-werbe.net\/index.php\/wp-json\/wp\/v2\/pages\/60"}],"wp:attachment":[{"href":"https:\/\/gsgiesen.g-werbe.net\/index.php\/wp-json\/wp\/v2\/media?parent=145"}],"curies":[{"name":"wp","href":"https:\/\/api.w.org\/{rel}","templated":true}]}}