{"id":169,"date":"2017-04-25T09:17:06","date_gmt":"2017-04-25T07:17:06","guid":{"rendered":"http:\/\/gsgiesen.g-werbe.net\/v2\/?page_id=169"},"modified":"2018-06-12T16:08:52","modified_gmt":"2018-06-12T14:08:52","slug":"projekte","status":"publish","type":"page","link":"https:\/\/gsgiesen.g-werbe.net\/index.php\/foerderverein\/giesen\/projekte\/","title":{"rendered":"Neuigkeiten F\u00f6rderverein"},"content":{"rendered":"\t\t<a class=\"nodeco\" href=\"https:\/\/gsgiesen.g-werbe.net\/index.php\/2024\/09\/15\/schools-out-party-2024-2\/\">\n\t\t<div class=\"teaser\" href=\"https:\/\/gsgiesen.g-werbe.net\/index.php\/schulleben\/schulkindbetreuung\/schulkindbetreuung\/\">\n\t\t\t<div class=\"post-thumbnail\"><\/div>\n\t\t\t<h2><\/h2>\n\t\t\t<h3>Schools Out Party 2024<\/h3>     \n\t\t\tSommer, Sonne und ein Sprung!\r\n\r\nBei fantastischem Wetter feierten am Mittwoch, den 19. Juni ab 16 Uhr \u00fcber 500 G\u00e4ste das Ende des Schuljahres und den Start in die Ferien. H\u00f6hepunkt des Abends waren f\u00fcr die Sch\u00fclerinnen und Sch\u00fcler der 4. \u2026 \n\t\t\t<a class=\"readon\"><\/a>\n\t<\/a>\n\t<\/div>\n\t\t<a class=\"nodeco\" href=\"https:\/\/gsgiesen.g-werbe.net\/index.php\/2024\/09\/15\/schools-out-party-2024\/\">\n\t\t<div class=\"teaser\" href=\"https:\/\/gsgiesen.g-werbe.net\/index.php\/schulleben\/schulkindbetreuung\/schulkindbetreuung\/\">\n\t\t\t<div class=\"post-thumbnail\"><\/div>\n\t\t\t<h2><\/h2>\n\t\t\t<h3>Newsletter 01\/24<\/h3>     \n\t\t\t \n\t\t\t<a class=\"readon\"><\/a>\n\t<\/a>\n\t<\/div>\n\t\t<a class=\"nodeco\" href=\"https:\/\/gsgiesen.g-werbe.net\/index.php\/2022\/10\/20\/kuerbisfest\/\">\n\t\t<div class=\"teaser\" href=\"https:\/\/gsgiesen.g-werbe.net\/index.php\/schulleben\/schulkindbetreuung\/schulkindbetreuung\/\">\n\t\t\t<div class=\"post-thumbnail\"><\/div>\n\t\t\t<h2><\/h2>\n\t\t\t<h3>K\u00fcrbisfest<\/h3>     \n\t\t\t\r\n\r\nAm Freitag den 16. September hatte der F\u00f6rderverein f\u00fcr den Standort Giesen wieder zum K\u00fcrbisfest in den Schulgarten eingeladen. Der von Ingrid Meyer liebevoll gepflegte Schulgarten steht den Sch\u00fclerinnen und Sch\u00fclern der Grundschule \u2026 \n\t\t\t<a class=\"readon\"><\/a>\n\t<\/a>\n\t<\/div>\n\t\t<a class=\"nodeco\" href=\"https:\/\/gsgiesen.g-werbe.net\/index.php\/2022\/08\/22\/schools-out-party-2022\/\">\n\t\t<div class=\"teaser\" href=\"https:\/\/gsgiesen.g-werbe.net\/index.php\/schulleben\/schulkindbetreuung\/schulkindbetreuung\/\">\n\t\t\t<div class=\"post-thumbnail\"><\/div>\n\t\t\t<h2><\/h2>\n\t\t\t<h3>School\u00b4s Out Party 2022<\/h3>     \n\t\t\t\r\n\r\nQuelle: Giesener Gemeindebote Nr. 07\/22 * Ausgabe \u2026 \n\t\t\t<a class=\"readon\"><\/a>\n\t<\/a>\n\t<\/div>\n\t\n","protected":false},"excerpt":{"rendered":"","protected":false},"author":1,"featured_media":0,"parent":165,"menu_order":0,"comment_status":"closed","ping_status":"closed","template":"","meta":{"footnotes":""},"class_list":["post-169","page","type-page","status-publish","hentry"],"_links":{"self":[{"href":"https:\/\/gsgiesen.g-werbe.net\/index.php\/wp-json\/wp\/v2\/pages\/169","targetHints":{"allow":["GET"]}}],"collection":[{"href":"https:\/\/gsgiesen.g-werbe.net\/index.php\/wp-json\/wp\/v2\/pages"}],"about":[{"href":"https:\/\/gsgiesen.g-werbe.net\/index.php\/wp-json\/wp\/v2\/types\/page"}],"author":[{"embeddable":true,"href":"https:\/\/gsgiesen.g-werbe.net\/index.php\/wp-json\/wp\/v2\/users\/1"}],"replies":[{"embeddable":true,"href":"https:\/\/gsgiesen.g-werbe.net\/index.php\/wp-json\/wp\/v2\/comments?post=169"}],"version-history":[{"count":8,"href":"https:\/\/gsgiesen.g-werbe.net\/index.php\/wp-json\/wp\/v2\/pages\/169\/revisions"}],"predecessor-version":[{"id":2663,"href":"https:\/\/gsgiesen.g-werbe.net\/index.php\/wp-json\/wp\/v2\/pages\/169\/revisions\/2663"}],"up":[{"embeddable":true,"href":"https:\/\/gsgiesen.g-werbe.net\/index.php\/wp-json\/wp\/v2\/pages\/165"}],"wp:attachment":[{"href":"https:\/\/gsgiesen.g-werbe.net\/index.php\/wp-json\/wp\/v2\/media?parent=169"}],"curies":[{"name":"wp","href":"https:\/\/api.w.org\/{rel}","templated":true}]}}