{"id":2033,"date":"2017-11-17T08:41:06","date_gmt":"2017-11-17T07:41:06","guid":{"rendered":"http:\/\/gsgiesen.g-werbe.net\/v2\/?page_id=2033"},"modified":"2022-10-18T09:07:34","modified_gmt":"2022-10-18T07:07:34","slug":"weiterfuehrenden-schulen-2","status":"publish","type":"page","link":"https:\/\/gsgiesen.g-werbe.net\/index.php\/weiterfuehrenden-schulen-2\/","title":{"rendered":"Weiterf\u00fchrenden Schulen"},"content":{"rendered":"<h3><strong>Anmeldetermine der 5. Klassen<\/strong><br \/>\nf\u00fcr das Schuljahr 2023\/24<br \/>\nf\u00fcr die Schulen in Stadt und Landkreis<\/h3>\n<p>&#8211; werden in K\u00fcrze hier bekanntgegeben &#8211;<\/p>\n<p><strong>Hauptschule, Realschulen und Oberschulen<\/strong><br \/>\nin \u00f6ffentlicher Tr\u00e4gerschaft<\/p>\n<p>&nbsp;<\/p>\n<p><strong>Gesamtschulen in Stadt und Landkreis<\/strong><br \/>\nGymnasien in \u00f6ffentlicher Tr\u00e4gerschaft im Stadtgebiet Hildesheim, Gymnasium Alfeld, Gymnasium Sarstedt<\/p>\n<p>&nbsp;<\/p>\n","protected":false},"excerpt":{"rendered":"<p>Anmeldetermine der 5. Klassen f\u00fcr das Schuljahr 2023\/24 f\u00fcr die Schulen in Stadt und Landkreis &#8211; werden in K\u00fcrze hier bekanntgegeben &#8211; Hauptschule, Realschulen und Oberschulen in \u00f6ffentlicher Tr\u00e4gerschaft &nbsp; Gesamtschulen in Stadt und Landkreis Gymnasien in \u00f6ffentlicher Tr\u00e4gerschaft im Stadtgebiet Hildesheim, Gymnasium Alfeld, Gymnasium Sarstedt &nbsp;<\/p>\n","protected":false},"author":1,"featured_media":0,"parent":0,"menu_order":0,"comment_status":"closed","ping_status":"closed","template":"","meta":{"footnotes":""},"class_list":["post-2033","page","type-page","status-publish","hentry"],"_links":{"self":[{"href":"https:\/\/gsgiesen.g-werbe.net\/index.php\/wp-json\/wp\/v2\/pages\/2033","targetHints":{"allow":["GET"]}}],"collection":[{"href":"https:\/\/gsgiesen.g-werbe.net\/index.php\/wp-json\/wp\/v2\/pages"}],"about":[{"href":"https:\/\/gsgiesen.g-werbe.net\/index.php\/wp-json\/wp\/v2\/types\/page"}],"author":[{"embeddable":true,"href":"https:\/\/gsgiesen.g-werbe.net\/index.php\/wp-json\/wp\/v2\/users\/1"}],"replies":[{"embeddable":true,"href":"https:\/\/gsgiesen.g-werbe.net\/index.php\/wp-json\/wp\/v2\/comments?post=2033"}],"version-history":[{"count":6,"href":"https:\/\/gsgiesen.g-werbe.net\/index.php\/wp-json\/wp\/v2\/pages\/2033\/revisions"}],"predecessor-version":[{"id":4138,"href":"https:\/\/gsgiesen.g-werbe.net\/index.php\/wp-json\/wp\/v2\/pages\/2033\/revisions\/4138"}],"wp:attachment":[{"href":"https:\/\/gsgiesen.g-werbe.net\/index.php\/wp-json\/wp\/v2\/media?parent=2033"}],"curies":[{"name":"wp","href":"https:\/\/api.w.org\/{rel}","templated":true}]}}